{"id":27,"date":"2024-11-01T16:50:53","date_gmt":"2024-11-01T16:50:53","guid":{"rendered":"https:\/\/moritz.creative-collective.de\/?page_id=27"},"modified":"2024-12-17T19:56:22","modified_gmt":"2024-12-17T19:56:22","slug":"bruecke-lindemannstrasse","status":"publish","type":"page","link":"https:\/\/moritz.creative-collective.de\/?page_id=27","title":{"rendered":"Br\u00fccke Lindemannstra\u00dfe"},"content":{"rendered":"\n<div class=\"wp-block-group\"><div class=\"wp-block-group__inner-container is-layout-constrained wp-block-group-is-layout-constrained\">\n<h2 class=\"wp-block-heading seiten-heading\">Br\u00fccke Lindemannstra\u00dfe<\/h2>\n\n\n<p class=\"seiten-subheading wp-block-site-tagline\">Unter\u00fcberschrift<\/p><\/div><\/div>\n\n\n\n<div class=\"wp-block-group cover-group\"><div class=\"wp-block-group__inner-container is-layout-constrained wp-block-group-is-layout-constrained\">\n<div class=\"wp-block-cover is-light cover\" style=\"min-height:548px;aspect-ratio:unset;\"><span aria-hidden=\"true\" class=\"wp-block-cover__background has-background-dim-0 has-background-dim\" style=\"background-color:#c5c8c8\"><\/span><img loading=\"lazy\" decoding=\"async\" width=\"600\" height=\"450\" class=\"wp-block-cover__image-background wp-image-87\" alt=\"\" src=\"https:\/\/moritz.creative-collective.de\/wp-content\/uploads\/2024\/11\/lindemann.jpg\" data-object-fit=\"cover\" srcset=\"https:\/\/moritz.creative-collective.de\/wp-content\/uploads\/2024\/11\/lindemann.jpg 600w, https:\/\/moritz.creative-collective.de\/wp-content\/uploads\/2024\/11\/lindemann-300x225.jpg 300w\" sizes=\"auto, (max-width: 600px) 100vw, 600px\" \/><div class=\"wp-block-cover__inner-container is-layout-constrained wp-block-cover-is-layout-constrained\">\n<p class=\"has-text-align-center has-large-font-size\"><\/p>\n<\/div><\/div>\n<\/div><\/div>\n\n\n\n<div style=\"height:100px\" aria-hidden=\"true\" class=\"wp-block-spacer\"><\/div>\n\n\n\n<div class=\"wp-block-group\"><div class=\"wp-block-group__inner-container is-layout-constrained wp-block-group-is-layout-constrained\">\n<div class=\"wp-block-columns spalten is-layout-flex wp-container-core-columns-is-layout-9d6595d7 wp-block-columns-is-layout-flex\">\n<div class=\"wp-block-column is-layout-flow wp-block-column-is-layout-flow\">\n<div class=\"wp-block-group stapel-left is-vertical is-layout-flex wp-container-core-group-is-layout-8cf370e7 wp-block-group-is-layout-flex\">\n<figure class=\"wp-block-image size-full is-resized lindemann-skizze content\"><img loading=\"lazy\" decoding=\"async\" width=\"447\" height=\"288\" src=\"https:\/\/moritz.creative-collective.de\/wp-content\/uploads\/2024\/11\/lindemann-skizze.jpg\" alt=\"\" class=\"wp-image-120\" style=\"width:567px;height:auto\" srcset=\"https:\/\/moritz.creative-collective.de\/wp-content\/uploads\/2024\/11\/lindemann-skizze.jpg 447w, https:\/\/moritz.creative-collective.de\/wp-content\/uploads\/2024\/11\/lindemann-skizze-300x193.jpg 300w\" sizes=\"auto, (max-width: 447px) 100vw, 447px\" \/><\/figure>\n\n\n\n<div style=\"height:50px\" aria-hidden=\"true\" class=\"wp-block-spacer wp-container-content-b30579f5\"><\/div>\n\n\n\n<h4 class=\"wp-block-heading seiten-content-heading\">Entwurf<\/h4>\n\n\n\n<p class=\"content\">Die neue Br\u00fccke wird als st\u00e4dtische Freitreppe entwickelt, die alle Nutzer \u2013 Fu\u00dfg\u00e4nger, Behinderte und Fahrradfahrer in einem Bauwerk vereint. Alle Nutzergruppen erhalten ihren Anspr\u00fcchen entsprechende Bewegungs-r\u00e4ume, die in dem neuen Br\u00fcckenbauwerk miteinander verkn\u00fcpft werden. Sie bilden einen neuen einzigartigen Ansatz, kommunikativ und zweckm\u00e4\u00dfig. Gro\u00dfz\u00fcgige Freifl\u00e4chen zwischen den Verkehrswegen sind zum Verweilen als Sitzstufen ausgebildet. Die Br\u00fccke wird zur B\u00fchne! Sie erinnert in der Inszenierung der Auf- und Abg\u00e4nge an die Spanische Treppe in Rom. Der Weg \u00fcber die neue Br\u00fccke ist nicht nur die Verbindung von A nach B sondern das Verweilen, den Ausblick genie\u00dfen, sich mit anderen vor dem Messe- oder Stadionbesuch auf der Br\u00fccke zu verabreden werden, dazu fordert die neue Br\u00fccke auf. Sie wird ein st\u00e4dtischer Ort mit hohem Wiedererkennungswert. Nicht nur durch das \u201eBenutzen\u201c als Treffpunkt, sondern auch durch die dynamische, elegante Bogenbr\u00fccke mit ihrer hohen Signetkraft wird die neue Br\u00fccke in der Erinnerung bleiben. Die Bogenform ist, individuell entwickelt aus den \u00f6rtlichen und funktionalen Gegebenheiten, im Ergebnis ein zur Br\u00fcckenl\u00e4ngsachse quer gestellter Bogen, der der Rampe f\u00fcr die Fahrradfahrer folgt.<\/p>\n<\/div>\n<\/div>\n\n\n\n<div class=\"wp-block-column is-layout-flow wp-block-column-is-layout-flow\">\n<div class=\"wp-block-group is-vertical is-layout-flex wp-container-core-group-is-layout-8cf370e7 wp-block-group-is-layout-flex\">\n<div class=\"wp-block-columns is-layout-flex wp-container-core-columns-is-layout-9d6595d7 wp-block-columns-is-layout-flex\">\n<div class=\"wp-block-column is-layout-flow wp-block-column-is-layout-flow\" style=\"flex-basis:100%\">\n<figure class=\"wp-block-table is-style-stripes\"><table class=\"has-fixed-layout\"><tbody><tr><td><strong>Daten<\/strong><\/td><td><\/td><\/tr><tr><td>Ort:<\/td><td>Stadt Dortmund<\/td><\/tr><tr><td>Architekten:<\/td><td>Kolb-Ripke Gesellschaft von Architekten mbH<\/td><\/tr><tr><td>Planungs- und Bauzeit:<\/td><td>WB Ankauf, 2019<\/td><\/tr><tr><td>Auftraggeber:<\/td><td>Stadt Dortmund<\/td><\/tr><tr><td>Nutzung:<\/td><td>Fu\u00df- und Radwegbr\u00fccke<\/td><\/tr><tr><td>Baukosten:<\/td><td>5.9mio \u20ac<\/td><\/tr><tr><td>Planungspartner:<\/td><td>K\u00f6nig und Heunisch Planungsgesellschaft mbH, Leipzig Fugmann Janotta Partner Landschaftarchitekten, Berlin<br><\/td><\/tr><tr><td>Beitrag:<\/td><td>Leitung des Wettbewerbs<\/td><\/tr><\/tbody><\/table><\/figure>\n<\/div>\n<\/div>\n\n\n\n<div style=\"height:50px\" aria-hidden=\"true\" class=\"wp-block-spacer wp-container-content-b30579f5\"><\/div>\n\n\n\n<figure class=\"wp-block-image size-full is-resized lindemann-skizze2\"><img loading=\"lazy\" decoding=\"async\" width=\"487\" height=\"302\" src=\"https:\/\/moritz.creative-collective.de\/wp-content\/uploads\/2024\/11\/lindemann-skizze_2.jpg\" alt=\"\" class=\"wp-image-122\" style=\"width:555px;height:auto\" srcset=\"https:\/\/moritz.creative-collective.de\/wp-content\/uploads\/2024\/11\/lindemann-skizze_2.jpg 487w, https:\/\/moritz.creative-collective.de\/wp-content\/uploads\/2024\/11\/lindemann-skizze_2-300x186.jpg 300w\" sizes=\"auto, (max-width: 487px) 100vw, 487px\" \/><\/figure>\n<\/div>\n<\/div>\n<\/div>\n<\/div><\/div>\n\n\n\n<div style=\"height:100px\" aria-hidden=\"true\" class=\"wp-block-spacer\"><\/div>\n\n\n\n<div class=\"wp-block-group\"><div class=\"wp-block-group__inner-container is-layout-constrained wp-block-group-is-layout-constrained\">\n<div class=\"wp-block-cover is-light content-img\" style=\"min-height:545px;aspect-ratio:unset;\"><span aria-hidden=\"true\" class=\"wp-block-cover__background has-background-dim-0 has-background-dim\" style=\"background-color:#c5c8c8\"><\/span><img loading=\"lazy\" decoding=\"async\" width=\"945\" height=\"621\" class=\"wp-block-cover__image-background wp-image-129\" alt=\"\" src=\"https:\/\/moritz.creative-collective.de\/wp-content\/uploads\/2024\/11\/lindemann-skizze_3.jpg\" data-object-fit=\"cover\" srcset=\"https:\/\/moritz.creative-collective.de\/wp-content\/uploads\/2024\/11\/lindemann-skizze_3.jpg 945w, https:\/\/moritz.creative-collective.de\/wp-content\/uploads\/2024\/11\/lindemann-skizze_3-300x197.jpg 300w, https:\/\/moritz.creative-collective.de\/wp-content\/uploads\/2024\/11\/lindemann-skizze_3-768x505.jpg 768w\" sizes=\"auto, (max-width: 945px) 100vw, 945px\" \/><div class=\"wp-block-cover__inner-container is-layout-constrained wp-block-cover-is-layout-constrained\">\n<p class=\"has-text-align-center has-large-font-size\"><\/p>\n<\/div><\/div>\n<\/div><\/div>\n","protected":false},"excerpt":{"rendered":"<p>Br\u00fccke Lindemannstra\u00dfe Entwurf Die neue Br\u00fccke wird als st\u00e4dtische Freitreppe entwickelt, die alle Nutzer \u2013 Fu\u00dfg\u00e4nger, Behinderte und Fahrradfahrer in einem Bauwerk vereint. Alle Nutzergruppen erhalten ihren Anspr\u00fcchen entsprechende Bewegungs-r\u00e4ume, die in dem neuen Br\u00fcckenbauwerk miteinander verkn\u00fcpft werden. Sie bilden einen neuen einzigartigen Ansatz, kommunikativ und zweckm\u00e4\u00dfig. Gro\u00dfz\u00fcgige Freifl\u00e4chen zwischen den Verkehrswegen sind zum Verweilen [&hellip;]<\/p>\n","protected":false},"author":1,"featured_media":87,"parent":14,"menu_order":0,"comment_status":"closed","ping_status":"closed","template":"","meta":{"footnotes":""},"class_list":["post-27","page","type-page","status-publish","has-post-thumbnail","hentry"],"_links":{"self":[{"href":"https:\/\/moritz.creative-collective.de\/index.php?rest_route=\/wp\/v2\/pages\/27","targetHints":{"allow":["GET"]}}],"collection":[{"href":"https:\/\/moritz.creative-collective.de\/index.php?rest_route=\/wp\/v2\/pages"}],"about":[{"href":"https:\/\/moritz.creative-collective.de\/index.php?rest_route=\/wp\/v2\/types\/page"}],"author":[{"embeddable":true,"href":"https:\/\/moritz.creative-collective.de\/index.php?rest_route=\/wp\/v2\/users\/1"}],"replies":[{"embeddable":true,"href":"https:\/\/moritz.creative-collective.de\/index.php?rest_route=%2Fwp%2Fv2%2Fcomments&post=27"}],"version-history":[{"count":81,"href":"https:\/\/moritz.creative-collective.de\/index.php?rest_route=\/wp\/v2\/pages\/27\/revisions"}],"predecessor-version":[{"id":452,"href":"https:\/\/moritz.creative-collective.de\/index.php?rest_route=\/wp\/v2\/pages\/27\/revisions\/452"}],"up":[{"embeddable":true,"href":"https:\/\/moritz.creative-collective.de\/index.php?rest_route=\/wp\/v2\/pages\/14"}],"wp:featuredmedia":[{"embeddable":true,"href":"https:\/\/moritz.creative-collective.de\/index.php?rest_route=\/wp\/v2\/media\/87"}],"wp:attachment":[{"href":"https:\/\/moritz.creative-collective.de\/index.php?rest_route=%2Fwp%2Fv2%2Fmedia&parent=27"}],"curies":[{"name":"wp","href":"https:\/\/api.w.org\/{rel}","templated":true}]}}