{"id":29,"date":"2024-11-01T16:51:39","date_gmt":"2024-11-01T16:51:39","guid":{"rendered":"https:\/\/moritz.creative-collective.de\/?page_id=29"},"modified":"2024-11-20T11:44:54","modified_gmt":"2024-11-20T11:44:54","slug":"skulpturen","status":"publish","type":"page","link":"https:\/\/moritz.creative-collective.de\/?page_id=29","title":{"rendered":"Skulpturen"},"content":{"rendered":"\n<div class=\"wp-block-group\"><div class=\"wp-block-group__inner-container is-layout-constrained wp-block-group-is-layout-constrained\">\n<h2 class=\"wp-block-heading seiten-heading\">Skulpturen<\/h2>\n\n\n<p class=\"seiten-subheading wp-block-site-tagline\">Unter\u00fcberschrift<\/p><\/div><\/div>\n\n\n\n<div class=\"wp-block-group cover-group\"><div class=\"wp-block-group__inner-container is-layout-constrained wp-block-group-is-layout-constrained\">\n<div class=\"wp-block-cover aligncenter is-light cover wp-duotone-unset-1\" style=\"min-height:630px;aspect-ratio:unset;\"><span aria-hidden=\"true\" class=\"wp-block-cover__background has-background-dim-0 has-background-dim\" style=\"background-color:#9c9c9c\"><\/span><img loading=\"lazy\" decoding=\"async\" width=\"600\" height=\"450\" class=\"wp-block-cover__image-background wp-image-88\" alt=\"\" src=\"https:\/\/moritz.creative-collective.de\/wp-content\/uploads\/2024\/11\/skulptur.jpg\" style=\"object-position:53% 51%\" data-object-fit=\"cover\" data-object-position=\"53% 51%\" srcset=\"https:\/\/moritz.creative-collective.de\/wp-content\/uploads\/2024\/11\/skulptur.jpg 600w, https:\/\/moritz.creative-collective.de\/wp-content\/uploads\/2024\/11\/skulptur-300x225.jpg 300w\" sizes=\"auto, (max-width: 600px) 100vw, 600px\" \/><div class=\"wp-block-cover__inner-container is-layout-constrained wp-block-cover-is-layout-constrained\">\n<p class=\"has-text-align-center has-large-font-size\"><\/p>\n<\/div><\/div>\n<\/div><\/div>\n\n\n\n<div style=\"height:100px\" aria-hidden=\"true\" class=\"wp-block-spacer\"><\/div>\n\n\n\n<div class=\"wp-block-group\"><div class=\"wp-block-group__inner-container is-layout-constrained wp-block-group-is-layout-constrained\">\n<h4 class=\"wp-block-heading seiten-content-heading\">Projekt<\/h4>\n\n\n\n<p class=\"content\">Auf Anfrage des New Yorker K\u00fcnstlers Kyle Kombs, habe ich ein Grasshoppercode f\u00fcr selbst wachsende Skulpturen geschrieben. Hierbei habe ich f\u00fcr die Modellierung einen Multiagenten-Algorithmus, den Ameisen-Algorithmus verwendet. \u201eBei der Futtersuche scheiden einzelne Ameisen entlang ihres Weges Pheromone aus. Andere Ameisen w\u00e4hlen wahrscheinlicher einen Weg mit h\u00f6herer Pheromonkonzentration. Verbindet man in einem Experiment eine Futterquelle [F] mit zwei unterschiedlich langen Wegen mit dem Nest [N], so betreten die Ameisen auf ihrer Suche nach Futter beide Wege etwa gleich h\u00e4ufig. Die Ameisen auf dem k\u00fcrzeren Weg kehren jedoch schneller von der Futterstelle zur\u00fcck, so dass mit der Zeit auf dem k\u00fcrzesten Pfad eine h\u00f6here Pheromonkonzentration als auf dem anderen vorherrscht. In der Folge w\u00e4hlen die nachkommenden Ameisen bevorzugt diesen Weg: Sie scheinen entlang einer Stra\u00dfe zu laufen, eine Ameisenstra\u00dfe ist entstanden.\u201c<\/p>\n<\/div><\/div>\n\n\n\n<div style=\"height:50px\" aria-hidden=\"true\" class=\"wp-block-spacer\"><\/div>\n\n\n\n<div class=\"wp-block-group\"><div class=\"wp-block-group__inner-container is-layout-constrained wp-block-group-is-layout-constrained\">\n<div class=\"wp-block-columns is-layout-flex wp-container-core-columns-is-layout-9d6595d7 wp-block-columns-is-layout-flex\">\n<div class=\"wp-block-column is-layout-flow wp-block-column-is-layout-flow\">\n<figure class=\"wp-block-image size-full is-resized\"><img loading=\"lazy\" decoding=\"async\" width=\"521\" height=\"390\" src=\"https:\/\/moritz.creative-collective.de\/wp-content\/uploads\/2024\/11\/skulptur-skizze.jpg\" alt=\"\" class=\"wp-image-240\" style=\"width:263px;height:auto\" srcset=\"https:\/\/moritz.creative-collective.de\/wp-content\/uploads\/2024\/11\/skulptur-skizze.jpg 521w, https:\/\/moritz.creative-collective.de\/wp-content\/uploads\/2024\/11\/skulptur-skizze-300x225.jpg 300w\" sizes=\"auto, (max-width: 521px) 100vw, 521px\" \/><\/figure>\n<\/div>\n\n\n\n<div class=\"wp-block-column is-layout-flow wp-block-column-is-layout-flow\">\n<figure class=\"wp-block-image size-full is-resized\"><img loading=\"lazy\" decoding=\"async\" width=\"517\" height=\"333\" src=\"https:\/\/moritz.creative-collective.de\/wp-content\/uploads\/2024\/11\/skulptur-skizze-2.jpg\" alt=\"\" class=\"wp-image-241\" style=\"width:275px;height:auto\" srcset=\"https:\/\/moritz.creative-collective.de\/wp-content\/uploads\/2024\/11\/skulptur-skizze-2.jpg 517w, https:\/\/moritz.creative-collective.de\/wp-content\/uploads\/2024\/11\/skulptur-skizze-2-300x193.jpg 300w\" sizes=\"auto, (max-width: 517px) 100vw, 517px\" \/><\/figure>\n<\/div>\n\n\n\n<div class=\"wp-block-column is-layout-flow wp-block-column-is-layout-flow\">\n<figure class=\"wp-block-image size-full is-resized\"><img loading=\"lazy\" decoding=\"async\" width=\"228\" height=\"313\" src=\"https:\/\/moritz.creative-collective.de\/wp-content\/uploads\/2024\/11\/skulptur-skizze-3.jpg\" alt=\"\" class=\"wp-image-243\" style=\"width:273px;height:auto\" srcset=\"https:\/\/moritz.creative-collective.de\/wp-content\/uploads\/2024\/11\/skulptur-skizze-3.jpg 228w, https:\/\/moritz.creative-collective.de\/wp-content\/uploads\/2024\/11\/skulptur-skizze-3-219x300.jpg 219w\" sizes=\"auto, (max-width: 228px) 100vw, 228px\" \/><\/figure>\n<\/div>\n<\/div>\n<\/div><\/div>\n\n\n\n<div style=\"height:50px\" aria-hidden=\"true\" class=\"wp-block-spacer\"><\/div>\n\n\n\n<div class=\"wp-block-group\"><div class=\"wp-block-group__inner-container is-layout-constrained wp-block-group-is-layout-constrained\">\n<p class=\"content\">Das Ziel war hierbei jedoch nicht den k\u00fcrzesten Weg zwischen Nestern und Futterquellen zu finden, sondern den Prozess der \u201eFuttersuche\u201c darzustellen und die erforschten Wege im Dreidimensionalen Raum sichtbar zu machen.So \u00e4hnlich, wenn auch durch Gravitation beschr\u00e4nkt, verh\u00e4lt sich der Schleimpilz Physarum polycephalum, indem er starke und weniger starke Verbindungen zu Nahrungsquellen aufbaut und, falls es sich lohnt, Hindernisse \u00fcberwindet.<\/p>\n<\/div><\/div>\n\n\n\n<div style=\"height:50px\" aria-hidden=\"true\" class=\"wp-block-spacer\"><\/div>\n","protected":false},"excerpt":{"rendered":"<p>Skulpturen Projekt Auf Anfrage des New Yorker K\u00fcnstlers Kyle Kombs, habe ich ein Grasshoppercode f\u00fcr selbst wachsende Skulpturen geschrieben. Hierbei habe ich f\u00fcr die Modellierung einen Multiagenten-Algorithmus, den Ameisen-Algorithmus verwendet. \u201eBei der Futtersuche scheiden einzelne Ameisen entlang ihres Weges Pheromone aus. Andere Ameisen w\u00e4hlen wahrscheinlicher einen Weg mit h\u00f6herer Pheromonkonzentration. Verbindet man in einem Experiment [&hellip;]<\/p>\n","protected":false},"author":1,"featured_media":88,"parent":14,"menu_order":0,"comment_status":"closed","ping_status":"closed","template":"","meta":{"footnotes":""},"class_list":["post-29","page","type-page","status-publish","has-post-thumbnail","hentry"],"_links":{"self":[{"href":"https:\/\/moritz.creative-collective.de\/index.php?rest_route=\/wp\/v2\/pages\/29","targetHints":{"allow":["GET"]}}],"collection":[{"href":"https:\/\/moritz.creative-collective.de\/index.php?rest_route=\/wp\/v2\/pages"}],"about":[{"href":"https:\/\/moritz.creative-collective.de\/index.php?rest_route=\/wp\/v2\/types\/page"}],"author":[{"embeddable":true,"href":"https:\/\/moritz.creative-collective.de\/index.php?rest_route=\/wp\/v2\/users\/1"}],"replies":[{"embeddable":true,"href":"https:\/\/moritz.creative-collective.de\/index.php?rest_route=%2Fwp%2Fv2%2Fcomments&post=29"}],"version-history":[{"count":27,"href":"https:\/\/moritz.creative-collective.de\/index.php?rest_route=\/wp\/v2\/pages\/29\/revisions"}],"predecessor-version":[{"id":445,"href":"https:\/\/moritz.creative-collective.de\/index.php?rest_route=\/wp\/v2\/pages\/29\/revisions\/445"}],"up":[{"embeddable":true,"href":"https:\/\/moritz.creative-collective.de\/index.php?rest_route=\/wp\/v2\/pages\/14"}],"wp:featuredmedia":[{"embeddable":true,"href":"https:\/\/moritz.creative-collective.de\/index.php?rest_route=\/wp\/v2\/media\/88"}],"wp:attachment":[{"href":"https:\/\/moritz.creative-collective.de\/index.php?rest_route=%2Fwp%2Fv2%2Fmedia&parent=29"}],"curies":[{"name":"wp","href":"https:\/\/api.w.org\/{rel}","templated":true}]}}