{"id":37,"date":"2024-11-01T16:53:45","date_gmt":"2024-11-01T16:53:45","guid":{"rendered":"https:\/\/moritz.creative-collective.de\/?page_id=37"},"modified":"2024-11-20T11:42:36","modified_gmt":"2024-11-20T11:42:36","slug":"modularer-stahlbauknoten","status":"publish","type":"page","link":"https:\/\/moritz.creative-collective.de\/?page_id=37","title":{"rendered":"Modularer Stahlbauknoten"},"content":{"rendered":"\n<div class=\"wp-block-group\"><div class=\"wp-block-group__inner-container is-layout-constrained wp-block-group-is-layout-constrained\">\n<h2 class=\"wp-block-heading seiten-heading\">Modularer Stahlbauknoten<\/h2>\n\n\n<p class=\"seiten-subheading wp-block-site-tagline\">Unter\u00fcberschrift<\/p><\/div><\/div>\n\n\n\n<div class=\"wp-block-group cover-group\"><div class=\"wp-block-group__inner-container is-layout-constrained wp-block-group-is-layout-constrained\">\n<div class=\"wp-block-cover is-light cover\" style=\"min-height:619px;aspect-ratio:unset;\"><span aria-hidden=\"true\" class=\"wp-block-cover__background has-background-dim-0 has-background-dim\" style=\"background-color:#c0c3c7\"><\/span><img loading=\"lazy\" decoding=\"async\" width=\"600\" height=\"450\" class=\"wp-block-cover__image-background wp-image-89\" alt=\"\" src=\"https:\/\/moritz.creative-collective.de\/wp-content\/uploads\/2024\/11\/stahlbauknoten.jpg\" data-object-fit=\"cover\" srcset=\"https:\/\/moritz.creative-collective.de\/wp-content\/uploads\/2024\/11\/stahlbauknoten.jpg 600w, https:\/\/moritz.creative-collective.de\/wp-content\/uploads\/2024\/11\/stahlbauknoten-300x225.jpg 300w\" sizes=\"auto, (max-width: 600px) 100vw, 600px\" \/><div class=\"wp-block-cover__inner-container is-layout-constrained wp-block-cover-is-layout-constrained\">\n<p class=\"has-text-align-center has-large-font-size\"><\/p>\n<\/div><\/div>\n<\/div><\/div>\n\n\n\n<div style=\"height:100px\" aria-hidden=\"true\" class=\"wp-block-spacer\"><\/div>\n\n\n\n<div class=\"wp-block-group\"><div class=\"wp-block-group__inner-container is-layout-constrained wp-block-group-is-layout-constrained\">\n<h4 class=\"wp-block-heading seiten-content-heading\">Projekt<\/h4>\n\n\n\n<p class=\"content\">Der Knoten entstand in Zusammenarbeit mit Jan Mommert, Partner bei Eisenl\u00f6ffel Sattler und Partner in Berlin.Die Verbindung besteht aus Stahlplatten mit je 2 Verbindungsringen, welche \u00fcber einen Bolzen gehalten werden. Diese sind in der Stabachse beweglich gelagert. Da die Konstruktion Maximal 7 Anschl\u00fcsse ben\u00f6tigt, werden insgesamt 4 Verschiedene Stahlplatten mit unterschiedlichen Ringpositionen ben\u00f6tigt. An die Knotenbleche werden Gabelk\u00f6pfe mit beidseitigen Aussparungen mittels geriffelten Verbindungsplatten geschraubt. \u00dcber einen an die Gabelk\u00f6pfe angeschlossenen Gewindestab k\u00f6nnen die Rohre befestigt werden. Da die Winkel der einzelnen am Knotenblech im Vorhinein bestimmt werden k\u00f6nnen, kann die Montage des Tragwerkes sehr einfach gestaltet werden. Die sehr langen Gewindestangen erm\u00f6glichen ein Ausgleichen unterschiedlicher Stabl\u00e4ngen, die f\u00fcr Freiformtragwerke erforderlich sind, so dass auf genormte Stabl\u00e4ngen zur\u00fcckgegriffen werden kann. Die Geometrie kann auf beliebige Freiformfl\u00e4chen mittels eines Grasshopperscriptes angewendet werden.<\/p>\n<\/div><\/div>\n","protected":false},"excerpt":{"rendered":"<p>Modularer Stahlbauknoten Projekt Der Knoten entstand in Zusammenarbeit mit Jan Mommert, Partner bei Eisenl\u00f6ffel Sattler und Partner in Berlin.Die Verbindung besteht aus Stahlplatten mit je 2 Verbindungsringen, welche \u00fcber einen Bolzen gehalten werden. Diese sind in der Stabachse beweglich gelagert. Da die Konstruktion Maximal 7 Anschl\u00fcsse ben\u00f6tigt, werden insgesamt 4 Verschiedene Stahlplatten mit unterschiedlichen Ringpositionen [&hellip;]<\/p>\n","protected":false},"author":1,"featured_media":89,"parent":14,"menu_order":0,"comment_status":"closed","ping_status":"closed","template":"","meta":{"footnotes":""},"class_list":["post-37","page","type-page","status-publish","has-post-thumbnail","hentry"],"_links":{"self":[{"href":"https:\/\/moritz.creative-collective.de\/index.php?rest_route=\/wp\/v2\/pages\/37","targetHints":{"allow":["GET"]}}],"collection":[{"href":"https:\/\/moritz.creative-collective.de\/index.php?rest_route=\/wp\/v2\/pages"}],"about":[{"href":"https:\/\/moritz.creative-collective.de\/index.php?rest_route=\/wp\/v2\/types\/page"}],"author":[{"embeddable":true,"href":"https:\/\/moritz.creative-collective.de\/index.php?rest_route=\/wp\/v2\/users\/1"}],"replies":[{"embeddable":true,"href":"https:\/\/moritz.creative-collective.de\/index.php?rest_route=%2Fwp%2Fv2%2Fcomments&post=37"}],"version-history":[{"count":9,"href":"https:\/\/moritz.creative-collective.de\/index.php?rest_route=\/wp\/v2\/pages\/37\/revisions"}],"predecessor-version":[{"id":441,"href":"https:\/\/moritz.creative-collective.de\/index.php?rest_route=\/wp\/v2\/pages\/37\/revisions\/441"}],"up":[{"embeddable":true,"href":"https:\/\/moritz.creative-collective.de\/index.php?rest_route=\/wp\/v2\/pages\/14"}],"wp:featuredmedia":[{"embeddable":true,"href":"https:\/\/moritz.creative-collective.de\/index.php?rest_route=\/wp\/v2\/media\/89"}],"wp:attachment":[{"href":"https:\/\/moritz.creative-collective.de\/index.php?rest_route=%2Fwp%2Fv2%2Fmedia&parent=37"}],"curies":[{"name":"wp","href":"https:\/\/api.w.org\/{rel}","templated":true}]}}